**2 + 20*h - 41. What is the remainder when 48 is divided by a(u)?
8
Let j = 22127 - 22006. Let v = -2 - -8. Calculate the remainder when j is divided by (-4)/v + (-154)/(-6).
21
What is the remainder when 695 is divided by (-1 + 3)*(-375)/6*14/(-10)?
170
Suppose c = -0*q + 3*q + 77, q = 4*c - 363. Suppose 19*x = -4*x + c. What is the remainder when 12 is divided by x?
0
Let n(y) = y**2 - 36*y + 82. Suppose -k - 7*k = -304. Calculate the remainder when n(k) is divided by 20.
18
Suppose 281 - 287 = 2*x, 4*x = 5*f - 332. What is the remainder when 68 is divided by f?
4
Suppose 37*y - 17*y = 1720. Calculate the remainder when y is divided by (324/126)/((-2)/(-14)).
14
Suppose -5*t + 2046 = -h, -2514 = -4*t + h - 876. Calculate the remainder when t is divided by 46.
40
Suppose 9231 = 42*m - 4209. What is the remainder when m is divided by 41?
33
Let h = -101 - -107. Suppose -h*w + 276 = 17*w. Calculate the remainder when 81 is divided by w.
9
Suppose -102 + 34 = 34*y. Calculate the remainder when 104 is divided by 1 + 13*(y - -6).
51
Suppose -5598702 = -65*i - 57*i. Calculate the remainder when i is divided by 44.
43
Let i(y) = -y**3 + 17*y**2 + 18*y + 79. What is the remainder when 465 is divided by i(18)?
70
Suppose -302035 - 40854 = -422*q + 360163. What is the remainder when q is divided by 14?
0
Suppose 0 = -11*z - 97590 + 99790. Calculate the remainder when 5791 is divided by z.
191
Let q(o) = -o**2 - 16*o - 6. Let h be q(-16). Let a be ((-160)/(-3))/((-2)/h). Let u = a - 124. Calculate the remainder when 249 is divided by u.
33
Let f(g) = g**3 - 2*g**2 + 12*g - 19. Calculate the remainder when 18015 is divided by f(3).
23
Suppose -5581 - 10778 = -7*f. Calculate the remainder when f is divided by 30.
27
Let s = -2606 - -3226. Calculate the remainder when s is divided by 104.
100
Suppose 29*k + 1554 = 28*k + 43*k. Let m = 206 + -124. What is the remainder when m is divided by k?
8
Suppose -5*t + 135 = 10*g - 9*g, -3*g + 108 = 4*t. Let o(h) = 7*h - 8. Calculate the remainder when o(14) is divided by t.
9
Let o be -2*((-702)/(-144) - (-3)/(-8)). Let u(p) = -p**3 - 10*p**2 - 17*p - 10. What is the remainder when u(o) is divided by 32?
30
Suppose 0 = -3*z + z. Suppose -3*d + 306 = 4*n, z*n = -d + 3*n + 102. Let q = -208 + 226. What is the remainder when d is divided by q?
12
Let j(r) = 3*r - 10. Let y = 4 + 3. Let s(m) = m + 4. Calculate the remainder when s(15) is divided by j(y).
8
Suppose -4*f = 2 - 30. What is the remainder when (-6)/(-10) - (-9340)/100 is divided by f?
3
Let t(o) = 51*o - 49. Let j be t(7). Suppose -q - j = -3*g, 2*q = -5*g - 2*q + 536. What is the remainder when g is divided by 36?
32
Let a = 291 - 287. Suppose 0 = 4*i + a, 2*u - i + 85 = 650. Calculate the remainder when u is divided by 71.
69
Suppose 4*c = 2*h - 73 - 739, 0 = 3*h + 3*c - 1218. Calculate the remainder when h is divided by 12.
10
Let n be ((-63)/(-12))/(4 - 183/48). Suppose 5*d = -n + 53. Calculate the remainder when 44 is divided by d.
4
Let h = -12490 - -12878. Calculate the remainder when h is divided by 13.
11
Let r = 46 + -26. Let o = 7913 - 7755. Calculate the remainder when o is divided by r.
18
Let q = -188 + 190. Suppose -896 = -2*s + q*c, -6*s + 5*s + 451 = -2*c. What is the remainder when s is divided by 14?
11
Calculate the remainder when 305 is divided by ((-10)/14)/((-390)/128310).
70
Calculate the remainder when 0 + ((-226)/(-3))/((-43)/(-258)) is divided by 24.
20
Suppose 60 = -5*l, -k + 11*l - 27*l - 176 = 0. Calculate the remainder when 3/(3/37)*6 is divided by k.
14
Suppose 0 = 2*g - 6*g + 872. Suppose -n + 2*n = 3*x + 68, 0 = -3*n - 5*x + g. Let v = 70956 - 70947. Calculate the remainder when n is divided by v.
8
Let j(s) be the second derivative of -5*s**3/3 - 2*s**2 - s. Let h = 5548 - 5550. What is the remainder when 27 is divided by j(h)?
11
Let u = -1706 - -1877. What is the remainder when 507 is divided by u?
165
Let d = 5653 - 5643. Let w be ((0 - 3) + 0)*-1. Calculate the remainder when (-303)/(-9) - 2/w is divided by d.
3
Let m(k) = -43*k**3 - 2*k**2 - k + 1. Let w(d) = -4*d**2 - 18*d - 19. Let p be w(-3). Calculate the remainder when 163 is divided by m(p).
34
Let i(b) = -b**3 + 6*b + 1. Let v be i(-3). Suppose -5*u - 5*q - 145 = -v*u, 4*u - 143 = -5*q. What is the remainder when u is divided by 7?
4
Let b be (-7248)/(-36) - 4/(-6). Let f = b + -103. What is the remainder when f is divided by 25?
24
Let z = 26766 - 26573. What is the remainder when 656 is divided by z?
77
Let r be -4 - (-2679)/(-27) - 6/(-27). Let w = -97 - r. Suppose w*o - 182 = 46. What is the remainder when 225 is divided by o?
35
Let k(o) = 10*o + 262. Calculate the remainder when 289 is divided by k(-18).
43
Let l(f) = -8*f - 170. Let r be l(-24). Let w be (-467)/(-7) + 4/14. Let c = w - r. What is the remainder when c is divided by 24?
21
Suppose 10*y - 2*y + 9*y - 646 = 0. What is the remainder when 1023 is divided by y?
35
Suppose -112*v - 250 = -123*v + 102. Calculate the remainder when 1855 is divided by v.
31
Suppose 4*s = 3*i - 320, -6*s = -5*i - 7*s + 541. Calculate the remainder when 536 is divided by i.
104
Suppose 2*p = -4*t + 1074, -t + 261 = -88*p + 90*p. Calculate the remainder when t is divided by 235.
36
What is the remainder when 5529 is divided by 18/8 - 3420/(-80)?
39
Suppose -17*a = -45*a + 1568. Suppose 3*l - 3*i - 846 = 0, 0*l - 1104 = -4*l - 4*i. Calculate the remainder when l is divided by a.
55
Let a = 689 + -687. Calculate the remainder when 1545 is divided by a/((-68)/(-104) + 3/(-6)).
11
Suppose -2*k - 160 = 23*g - 27*g, -310 = 4*k - 3*g. Let u = -126 - -223. Let x = k + u. Calculate the remainder when x is divided by 11.
10
Calculate the remainder when (-4323)/(-24) - (12 + 380/(-32)) is divided by 33.
15
Let s = 1394 - 1305. What is the remainder when 455 is divided by s?
10
Suppose -22*v = 598 - 2072. What is the remainder when v is divided by 52?
15
Let l(u) = -9*u**2 - 35. Let a(z) = 17*z**2 - z + 70. Let p(j) = 6*a(j) + 11*l(j). What is the remainder when 53 is divided by p(3)?
9
Suppose -42 = 6*b - 36. What is the remainder when 210/6*6 + b is divided by 42?
41
Suppose -12*u + 55*u = 20*u + 322. Suppose 4*d - 50 + 14 = -2*l, -2*d - 4*l + 30 = 0. Calculate the remainder when u is divided by 5*(-1 - d/(-5)).
0
Let f be (8 - 1444/8)*-10. Suppose -6*r = -285 - f. What is the remainder when r is divided by 8?
7
Suppose -2*h = 4*m - 7*m - 5, -5*h + 47 = 4*m. What is the remainder when (216/6)/3*2 is divided by h?
3
Let o = -17 + 59. Let b(u) = u**2 - 2. Let k be b(5). Let a = k + -14. What is the remainder when o is divided by a?
6
Suppose -17*u - 29 = -63. Suppose -2*f + 5*r + 56 = 0, u*r = -3*r. Calculate the remainder when f is divided by 16.
12
Let t = 348 + -168. Let k = -2169 + 2206. What is the remainder when t is divided by k?
32
Let o = -551 + 788. Suppose 0 = -3*l - 204 + o. What is the remainder when 97 is divided by l?
9
Suppose -5*a + 21 = 2*a. Suppose -1 - 8 = -a*p + 3*g, 3*p - 16 = -4*g. What is the remainder when 27 is divided by p?
3
Let w(p) be the second derivative of p**5/10 - 7*p**4/6 + p**3/6 + 62*p. Calculate the remainder when 46 is divided by w(7).
4
Let i be 96/(-192) - (-79)/2. Suppose -i*x + 44*x - 80 = 0. What is the remainder when x is divided by 10*1 + (1 - 1)?
6
Suppose 711*p + 6310 - 11993 = 10670. What is the remainder when p is divided by 2/(-2) + 11 + -3?
2
Suppose -4*h = 5*r - 33, 4*h = h - 9. What is the remainder when 39 is divided by (3 - 244/(-14)) + r/(-21)?
19
Let b = 21 - -36. What is the remainder when b is divided by (-32)/240 + (-231)/(-45) + 0?
2
Let z(v) = -v**2 + 23*v - 48. Let h be z(20). Suppose 9*f - h = 447. What is the remainder when f is divided by 23?
5
Let m = -26047 + 26059. Let r(c) = c**2 + 6*c + 1. Let k be r(-3). Let i(d) = 2*d**2 + 12*d + 6. Calculate the remainder when i(k) is divided by m.
2
Suppose 0 = -4*t, -3*p + t + 26 = -70. Suppose -3*k = 5*i - 51, 9*i = 4*i - 5*k + 55. Calculate the remainder when p is divided by 8/(24/i - 2).
8
Suppose 2*s - 3*t = 65, 6*s = 3*s + 4*t + 98. Let f(z) = 6 + 5 + s*z - 29*z - 2*z**2 - 5. Calculate the remainder when f(3) is divided by 2.
1
Let k = 9605 + -9545. Calculate the remainder when 774 is divided by k.
54
Calculat